?
True
Does 9 divide 933?
False
Is 11 a factor of 473?
True
Does 44 divide 3256?
True
Does 248 divide 8645?
False
Is 3150 a multiple of 10?
True
Does 51 divide 408?
True
Is 134 a factor of 10803?
False
Is 54 a factor of 12312?
True
Is 45 a factor of 33930?
True
Is 2201 a multiple of 4?
False
Does 27 divide 1353?
False
Is 63 a factor of 5544?
True
Is 25 a factor of 4125?
True
Does 20 divide 23900?
True
Is 13125 a multiple of 25?
True
Is 2594 a multiple of 27?
False
Does 17 divide 6100?
False
Is 3514 a multiple of 21?
False
Is 8172 a multiple of 12?
True
Is 15 a factor of 3745?
False
Does 47 divide 2115?
True
Does 2 divide 27?
False
Is 8 a factor of 308?
False
Is 11832 a multiple of 29?
True
Is 265 a multiple of 8?
False
Does 12 divide 9812?
False
Is 768 a multiple of 2?
True
Is 1388 a multiple of 18?
False
Is 35 a factor of 1117?
False
Is 12 a factor of 16549?
False
Does 29 divide 1334?
True
Does 5 divide 2622?
False
Is 21 a factor of 3698?
False
Is 33 a factor of 674?
False
Is 6583 a multiple of 41?
False
Is 9076 a multiple of 35?
False
Does 61 divide 3416?
True
Is 10 a factor of 80?
True
Is 17 a factor of 21488?
True
Does 20 divide 30978?
False
Is 2 a factor of 1285?
False
Is 27 a factor of 940?
False
Is 97 a factor of 11270?
False
Does 84 divide 166?
False
Is 28697 a multiple of 60?
False
Is 3808 a multiple of 17?
True
Is 9 a factor of 12289?
False
Does 14 divide 6731?
False
Is 45 a factor of 27855?
True
Is 3685 a multiple of 78?
False
Is 21 a factor of 5593?
False
Does 58 divide 2030?
True
Does 18 divide 226?
False
Does 14 divide 1765?
False
Does 83 divide 83?
True
Does 38 divide 1056?
False
Is 35 a factor of 5299?
False
Is 190 a multiple of 5?
True
Is 171 a multiple of 10?
False
Does 15 divide 1552?
False
Is 74596 a multiple of 17?
True
Does 31 divide 434?
True
Is 77 a factor of 930?
False
Is 12 a factor of 19227?
False
Is 21 a multiple of 2?
False
Is 129 a multiple of 31?
False
Is 214 a multiple of 2?
True
Is 1338 a multiple of 6?
True
Is 44 a factor of 2088?
False
Is 7 a factor of 79?
False
Does 37 divide 2442?
True
Is 50988 a multiple of 14?
True
Is 16242 a multiple of 24?
False
Is 36 a factor of 1188?
True
Does 14 divide 14175?
False
Is 598 a multiple of 2?
True
Is 98 a factor of 15386?
True
Does 8 divide 976?
True
Does 10 divide 60886?
False
Is 4 a factor of 51?
False
Is 3505 a multiple of 5?
True
Is 117 a multiple of 39?
True
Is 1412 a multiple of 38?
False
Is 4603 even?
False
Is 3 a factor of 19?
False
Is 23023 a multiple of 77?
True
Is 69800 a multiple of 25?
True
Is 417 a factor of 24603?
True
Does 37 divide 3720?
False
Does 74 divide 43438?
True
Is 26650 a multiple of 115?
False
Is 36 a factor of 84482?
False
Is 24 a factor of 59328?
True
Is 9535 a multiple of 7?
False
Is 5580 a multiple of 31?
True
Is 22 a factor of 3630?
True
Does 74 divide 3461?
False
Does 9 divide 1785?
False
Is 13 a factor of 2259?
False
Does 2 divide 184?
True
Does 2 divide 53?
False
Does 29 divide 6322?
True
Is 275 a multiple of 11?
True
Does 38 divide 143518?
False
Does 4 divide 243?
False
Does 6 divide 2508?
True
Is 5 a factor of 385?
True
Is 47 a factor of 1833?
True
Is 13 a factor of 3549?
True
Is 1380 a multiple of 46?
True
Is 14 a factor of 129805?
False
Does 67 divide 628?
False
Is 57 a factor of 77691?
True
Does 105 divide 48665?
False
Does 13 divide 36244?
True
Does 65 divide 1203?
False
Does 23 divide 530?
False
Does 11 divide 1636?
False
Is 63 a factor of 23277?
False
Does 12 divide 20521?
False
Is 600 a multiple of 20?
True
Is 9 a factor of 576?
True
Is 20 a factor of 680?
True
Is 12975 a multiple of 19?
False
Is 74 a factor of 44400?
True
Is 87 a factor of 2262?
True
Is 8 a factor of 29783?
False
Is 654 a multiple of 5?
False
Is 40202 a multiple of 195?
False
Is 4432 a multiple of 16?
True
Does 52 divide 393?
False
Is 85 a factor of 136?
False
Is 1026 a multiple of 18?
True
Does 59 divide 305?
False
Does 12 divide 3844?
False
Does 9 divide 477?
True
Does 11 divide 2597?
False
Is 16660 a multiple of 140?
True
Does 68 divide 3060?
True
Does 10 divide 177?
False
Is 13 a factor of 35113?
True
Does 38 divide 11780?
True
Does 21 divide 3150?
True
Is 120 a factor of 1560?
True
Does 52 divide 8434?
False
Does 2 divide 560?
True
Is 5416 a multiple of 8?
True
Is 2917 even?
False
Is 112 a multiple of 28?
True
Does 175 divide 14875?
True
Is 238 a multiple of 17?
True
Is 336 a multiple of 12?
True
Does 5 divide 1380?
True
Is 833 a multiple of 49?
True
Is 18946 a multiple of 83?
False
Is 2 a factor of 668?
True
Is 119241 a multiple of 94?
False
Is 2002 a multiple of 77?
True
Does 71 divide 1313?
False
Is 18147 a multiple of 69?
True
Does 41 divide 2829?
True
Is 5 a factor of 335?
True
Is 21955 a multiple of 5?
True
Is 5 a factor of 1590?
True
Does 41 divide 6273?
True
Is 5859 a multiple of 5?
False
Is 1643 a multiple of 12?
False
Is 36 a factor of 1368?
True
Does 188 divide 18765?
False
Does 21 divide 555?
False
Does 50 divide 1550?
True
Is 53 a factor of 35033?
True
Is 1575 a multiple of 30?
False
Is 11 a factor of 275?
True
Is 1551 a multiple of 20?
False
Does 8 divide 490?
False
Is 5419 a multiple of 44?
False
Is 7 a factor of 792?
False
Is 127 a factor of 1716?
False
Is 692 a multiple of 21?
False
Is 39721 a multiple of 23?
True
Is 5842 a multiple of 13?
False
Does 15 divide 5000?
False
Does 86 divide 1665?
False
Does 38 divide 15649?
False
Is 9999 a multiple of 2?
False
Is 7336 a multiple of 22?
False
Is 15904 a multiple of 9?
False
Is 3213 a multiple of 12?
False
Does 15 divide 780?
True
Does 24 divide 1992?
True
Does 10 divide 3740?
True
Is 72 a factor of 12706?
False
Does 29 divide 7337?
True
Is 8620 a multiple of 198?
False
Is 384 a multiple of 12?
True
Is 20 a factor of 100?
True
Does 262 divide 138983?
False
Does 5 divide 4074?
False
Is 264 even?
True
Is 6 a factor of 1079?
False
Is 10 a factor of 3212?
False
Is 12 a factor of 802?
False
Is 77 a factor of 32494?
True
Is 6955 a multiple of 65?
True
Does 17 divide 2431?
True
Is 552 a multiple of 11?
False
Is 3534 a multiple of 93?
True
Does 80 divide 19786?
False
Is 1491 a multiple of 21?
True
Is 16 a factor of 1040?
True
Is 271 a factor of 34396?
False
Is 8 a factor of 6240?
True
Is 42 a factor of 121128?
True
Is 85 a factor of 119?
False
Is 61 a factor of 563?
False
Is 13 a factor of 16100?
False
Does 9 divide 13320?
True
Is 6 a factor of 4016?
False
Is 56 a factor of 4312?
True
Is 7 a factor of 1116?
False
Does 41 divide 12605?
False
Does 4 divide 243?
False
Is 23 a factor of 15467?
False
Is 3442 a multiple of 3?
False
Is 29646 a multiple of 9?
True
Does 24 divide 1176?
True
Does 39 divide 1119?
False
Is 60 a multiple of 3?
True
Is 6104 a multiple of 28?
True
Is 7 a factor of 223?
False
Does 43 divide 6020?
True
Is 21 a factor of 15561?
True
Is 5 a factor of 4610?
True
Is 26 a factor of 20686?
False
Is 23751 a multiple of 84?
False
Does 90 divide 469?
False
Is 16 a factor of 11987?
False
Is 9139 a multiple of 13?
True
Does 26 divide 130244?
False
Is 81880 a multiple of 356?
True
Is 16583 a multiple of 103?
True
Is 784 a multiple of 28?
True
Is 4253 a multiple of 49?
False
Does 9 divide 7895?
False
Is 1092 a multiple of 21?
True
Is 34 a factor of 227?
False
Is 861 a multiple of 123?
True
Is 7234 a multiple of 29?
False
Is 46 a factor of 4792?
False
Does 39 divide 1365?
True
Is 11 a factor of 198?
True
Is 15360 a multiple of 60?
True
Is 115 a multiple of 25?
False
Is 51 a factor of 2233?
False
Does 145 divide 13363?
False
Is 25 a factor of 18025?
True
Is 3 a factor of 33?
True
Does 15 divide 6075?
True
Is 74704 a multiple of 56?
True
Does 23 divide 299?
True
Is 3008 a multiple of 8?
True
Does 3 divide 2378?
False
Is 23714 a multiple of 71?
True
Does 3 divide 1143?
True
Is 12 a factor of 4404?
True
Does 55 divide 17536?
False
Does 2 divide 20?
True
Is 3 a factor of 240?
True
Is 10 a factor of 24712?
False
Does 16 divide 1043?
False
Is 271 a multiple of 3?
False
Is 25 a factor of 3675?
True
Is 1569 a multiple of 56?
False
Is 3735 a multiple of 15?
True
Is 6 a factor of 10458?
True
Does 18 divide 15840?
True
Does 14 divide 252?
True
Does 11 divide 78574?
False
Is 196 a factor of 26968?
False
Is 828 a multiple of 18?
True
Is 19 a factor of 2736?
True
Does 64 divide 2120?
False
Does 3 divide 30?
T